{"id":16,"date":"2019-07-26T12:44:07","date_gmt":"2019-07-26T10:44:07","guid":{"rendered":"http:\/\/afv-groupe.fr\/?page_id=16"},"modified":"2024-03-04T17:08:35","modified_gmt":"2024-03-04T16:08:35","slug":"accueil","status":"publish","type":"page","link":"https:\/\/afv-groupe.fr\/","title":{"rendered":"Accueil"},"content":{"rendered":"<div class=\"wpb-content-wrapper\"><p>[vc_row full_width=\u00a0\u00bbstretch_row_content_no_spaces\u00a0\u00bb content_placement=\u00a0\u00bbmiddle\u00a0\u00bb parallax=\u00a0\u00bbcontent-moving\u00a0\u00bb parallax_image=\u00a0\u00bb85&Prime; parallax_speed_bg=\u00a0\u00bb3.0&Prime; bg_type=\u00a0\u00bbgrad\u00a0\u00bb bg_grad=\u00a0\u00bbbackground: -webkit-gradient(linear, left top, left bottom, color-stop(0%, #F08400), color-stop(100%, #FAD0A0));background: -moz-linear-gradient(top,#F08400 0%,#FAD0A0 100%);background: -webkit-linear-gradient(top,#F08400 0%,#FAD0A0 100%);background: -o-linear-gradient(top,#F08400 0%,#FAD0A0 100%);background: -ms-linear-gradient(top,#F08400 0%,#FAD0A0 100%);background: linear-gradient(top,#F08400 0%,#FAD0A0 100%);\u00a0\u00bb css=\u00a0\u00bb.vc_custom_1564147037020{margin-top: -70px !important;}\u00a0\u00bb][vc_column offset=\u00a0\u00bbvc_hidden-sm vc_hidden-xs\u00a0\u00bb][vc_empty_space height=\u00a0\u00bb40px\u00a0\u00bb][vc_column_text]<\/p>\n<h2 style=\"text-align: center; font-size: 42px;\"><span style=\"color: #283278;\"><strong>Bienvenue sur notre site !<\/strong><\/span><\/h2>\n<p>[\/vc_column_text][vc_column_text]<\/p>\n<p style=\"text-align: center;\"><span style=\"color: #283278; font-size: 24px;\">Assureur de particuliers, <strong>AFV Groupe<\/strong> est \u00e9galement sp\u00e9cialis\u00e9 en risques d&rsquo;entreprise.<br \/>\nPour vous servir, 15 personnes sont \u00e0 votre \u00e9coute dans <strong>4 agences de proximit\u00e9<\/strong>.<\/span><\/p>\n<p>[\/vc_column_text][vc_empty_space height=\u00a0\u00bb20px\u00a0\u00bb][vc_single_image image=\u00a0\u00bb26&Prime; img_size=\u00a0\u00bb200&#215;65&Prime; alignment=\u00a0\u00bbcenter\u00a0\u00bb][vc_column_text]<\/p>\n<p style=\"text-align: center;\"><span style=\"color: #283278; font-size: 24px;\"><span style=\"caret-color: #283278;\"><strong>SARL AFV GROUPE &#8211; Agent G\u00e9n\u00e9ral MMA<\/strong><br \/>\nN\u00b0 Orias 07 01 04 86 &#8211; www.orias.fr<\/span><\/span><\/p>\n<p>[\/vc_column_text][vc_column_text]<\/p>\n<p style=\"text-align: center;\"><span style=\"color: #283278; font-size: 18px;\"><span style=\"caret-color: #283278;\">L\u2019autorit\u00e9 de contr\u00f4le de l\u2019assureur est l\u2019ACPR (Autorit\u00e9 de Contr\u00f4le Prudentiel et de R\u00e9solution)<br \/>\n4, Place de Budapest &#8211; CS 92459 &#8211; 75436 Paris Cedex 09<\/span><\/span><\/p>\n<p>[\/vc_column_text][vc_empty_space height=\u00a0\u00bb40px\u00a0\u00bb][\/vc_column][\/vc_row][vc_row full_width=\u00a0\u00bbstretch_row_content_no_spaces\u00a0\u00bb content_placement=\u00a0\u00bbmiddle\u00a0\u00bb parallax=\u00a0\u00bbcontent-moving\u00a0\u00bb parallax_image=\u00a0\u00bb85&Prime; parallax_speed_bg=\u00a0\u00bb3.0&Prime; bg_type=\u00a0\u00bbgrad\u00a0\u00bb bg_grad=\u00a0\u00bbbackground: -webkit-gradient(linear, left top, left bottom, color-stop(0%, #F08400), color-stop(100%, #FAD0A0));background: -moz-linear-gradient(top,#F08400 0%,#FAD0A0 100%);background: -webkit-linear-gradient(top,#F08400 0%,#FAD0A0 100%);background: -o-linear-gradient(top,#F08400 0%,#FAD0A0 100%);background: -ms-linear-gradient(top,#F08400 0%,#FAD0A0 100%);background: linear-gradient(top,#F08400 0%,#FAD0A0 100%);\u00a0\u00bb css=\u00a0\u00bb.vc_custom_1564147037020{margin-top: -70px !important;}\u00a0\u00bb][vc_column offset=\u00a0\u00bbvc_hidden-lg vc_hidden-md\u00a0\u00bb][vc_empty_space height=\u00a0\u00bb80px\u00a0\u00bb][vc_column_text]<\/p>\n<h2 style=\"text-align: center; font-size: 42px;\"><span style=\"color: #283278;\"><strong>Bienvenue sur notre site !<\/strong><\/span><\/h2>\n<p>[\/vc_column_text][vc_column_text css=\u00a0\u00bb.vc_custom_1709568094143{margin-right: 20px !important;margin-left: 20px !important;}\u00a0\u00bb]<\/p>\n<p style=\"text-align: center;\"><span style=\"color: #283278; font-size: 18px;\">Assureur de particuliers, <strong>AFV Groupe<\/strong> est \u00e9galement sp\u00e9cialis\u00e9 en risques d&rsquo;entreprise.<br \/>\nPour vous servir, 15 personnes sont \u00e0 votre \u00e9coute dans <strong>4 agences de proximit\u00e9<\/strong>.<\/span><\/p>\n<p>[\/vc_column_text][vc_empty_space height=\u00a0\u00bb20px\u00a0\u00bb][vc_single_image image=\u00a0\u00bb26&Prime; img_size=\u00a0\u00bb200&#215;65&Prime; alignment=\u00a0\u00bbcenter\u00a0\u00bb][vc_column_text css=\u00a0\u00bb.vc_custom_1709568156613{margin-right: 20px !important;margin-left: 20px !important;}\u00a0\u00bb]<\/p>\n<p style=\"text-align: center;\"><span style=\"color: #283278; font-size: 18px;\"><span style=\"caret-color: #283278;\"><strong>SARL AFV GROUPE<br \/>\nAgent G\u00e9n\u00e9ral MMA<\/strong><br \/>\nN\u00b0 Orias 07 01 04 86 &#8211; www.orias.fr<\/span><\/span><\/p>\n<p>[\/vc_column_text][vc_column_text css=\u00a0\u00bb.vc_custom_1709568168693{margin-right: 20px !important;margin-left: 20px !important;}\u00a0\u00bb]<\/p>\n<p style=\"text-align: center;\"><span style=\"color: #283278; font-size: 12px;\"><span style=\"caret-color: #283278;\">L\u2019autorit\u00e9 de contr\u00f4le de l\u2019assureur est l\u2019ACPR (Autorit\u00e9 de Contr\u00f4le Prudentiel et de R\u00e9solution)<br \/>\n4, Place de Budapest &#8211; CS 92459 &#8211; 75436 Paris Cedex 09<\/span><\/span><\/p>\n<p>[\/vc_column_text][vc_empty_space height=\u00a0\u00bb40px\u00a0\u00bb][\/vc_column][\/vc_row][vc_row][vc_column offset=\u00a0\u00bbvc_hidden-sm vc_hidden-xs\u00a0\u00bb][vc_empty_space height=\u00a0\u00bb80px\u00a0\u00bb][vc_column_text]<\/p>\n<h4 style=\"text-align: center;\"><span style=\"color: #283278; font-size: 24px;\"><strong>Pour vous rendre sur le site de votre agence, cliquez sur les liens ci-dessous.<\/strong><\/span><\/h4>\n<p>[\/vc_column_text][\/vc_column][\/vc_row][vc_row][vc_column offset=\u00a0\u00bbvc_hidden-lg vc_hidden-md\u00a0\u00bb][vc_empty_space height=\u00a0\u00bb30px\u00a0\u00bb][vc_column_text]<\/p>\n<h4 style=\"text-align: center;\"><span style=\"color: #283278; font-size: 24px;\"><strong>Pour vous rendre sur le site de votre agence, cliquez sur les liens ci-dessous.<\/strong><\/span><\/h4>\n<p>[\/vc_column_text][\/vc_column][\/vc_row][vc_row][vc_column width=\u00a0\u00bb1\/2&Prime;][vc_empty_space height=\u00a0\u00bb30px\u00a0\u00bb][vc_column_text css_animation=\u00a0\u00bbappear\u00a0\u00bb]<\/p>\n<p style=\"text-align: center; font-size: 26px;\"><a style=\"text-decoration: none;\" href=\"https:\/\/agence.mma.fr\/cannes-festival\"><span style=\"color: #f08200;\">AGENCE<br \/>\n<strong>CANNES FESTIVAL<\/strong><\/span><\/a><\/p>\n<p>[\/vc_column_text][vc_single_image image=\u00a0\u00bb39&Prime; img_size=\u00a0\u00bbmedium\u00a0\u00bb alignment=\u00a0\u00bbcenter\u00a0\u00bb style=\u00a0\u00bbvc_box_rounded\u00a0\u00bb onclick=\u00a0\u00bbcustom_link\u00a0\u00bb img_link_target=\u00a0\u00bb_blank\u00a0\u00bb link=\u00a0\u00bbhttps:\/\/agence.mma.fr\/cannes-festival\u00a0\u00bb]<div class=\" ubtn-ctn-center \"><a class=\"ubtn-link ult-adjust-bottom-margin ubtn-center ubtn-normal \" href=\"https:\/\/agence.mma.fr\/cannes-festival\" target=\"_blank\" rel=\"noopener\" ><button type=\"button\" id=\"ubtn-4609\"  class=\"ubtn ult-adjust-bottom-margin ult-responsive ubtn-normal ubtn-fade-bg  ulta-pop  ubtn-center   tooltip-69ef4b557b793\"  data-hover=\"#ffffff\" data-border-color=\"\" data-bg=\"#f08200\" data-hover-bg=\"#283278\" data-border-hover=\"\" data-shadow-hover=\"\" data-shadow-click=\"none\" data-shadow=\"\" data-shd-shadow=\"\"  data-ultimate-target='#ubtn-4609'  data-responsive-json-new='{\"font-size\":\"\",\"line-height\":\"\"}'  style=\"font-weight:normal;border:none;background: #f08200;color: #ffffff;\"><span class=\"ubtn-hover\" style=\"background-color:#283278\"><\/span><span class=\"ubtn-data ubtn-text \" >Lien Direct Agence<\/span><\/button><\/a><\/div>[vc_column_text]<\/p>\n<p style=\"text-align: center; line-height: 18px;\"><span style=\"color: #808080;\"><span style=\"caret-color: #283278;\">23, rue Jean de Riouffe &#8211; 06400 Cannes<br \/>\n<strong>T 04 93 39 95 96<\/strong> &#8211; F 04 93 39 81 81<br \/>\n<\/span><\/span><\/p>\n<p>[\/vc_column_text][\/vc_column][vc_column width=\u00a0\u00bb1\/2&Prime;][vc_empty_space height=\u00a0\u00bb30px\u00a0\u00bb][vc_column_text css_animation=\u00a0\u00bbappear\u00a0\u00bb]<\/p>\n<p style=\"text-align: center; font-size: 26px;\"><a style=\"text-decoration: none;\" href=\"https:\/\/agence.mma.fr\/cannes-la-bocca\"><span style=\"color: #f08200;\">AGENCE<br \/>\n<strong>CANNES LA BOCCA<\/strong><\/span><\/a><\/p>\n<p>[\/vc_column_text][vc_single_image image=\u00a0\u00bb126&Prime; img_size=\u00a0\u00bbmedium\u00a0\u00bb alignment=\u00a0\u00bbcenter\u00a0\u00bb style=\u00a0\u00bbvc_box_rounded\u00a0\u00bb onclick=\u00a0\u00bbcustom_link\u00a0\u00bb img_link_target=\u00a0\u00bb_blank\u00a0\u00bb link=\u00a0\u00bbhttps:\/\/agence.mma.fr\/cannes-la-bocca\u00a0\u00bb]<div class=\" ubtn-ctn-center \"><a class=\"ubtn-link ult-adjust-bottom-margin ubtn-center ubtn-normal \" href=\"https:\/\/agence.mma.fr\/cannes-la-bocca\" target=\"_blank\" rel=\"noopener\" ><button type=\"button\" id=\"ubtn-9054\"  class=\"ubtn ult-adjust-bottom-margin ult-responsive ubtn-normal ubtn-fade-bg  ulta-pop  ubtn-center   tooltip-69ef4b557b7f1\"  data-hover=\"#ffffff\" data-border-color=\"\" data-bg=\"#f08200\" data-hover-bg=\"#283278\" data-border-hover=\"\" data-shadow-hover=\"\" data-shadow-click=\"none\" data-shadow=\"\" data-shd-shadow=\"\"  data-ultimate-target='#ubtn-9054'  data-responsive-json-new='{\"font-size\":\"\",\"line-height\":\"\"}'  style=\"font-weight:normal;border:none;background: #f08200;color: #ffffff;\"><span class=\"ubtn-hover\" style=\"background-color:#283278\"><\/span><span class=\"ubtn-data ubtn-text \" >Lien Direct Agence<\/span><\/button><\/a><\/div>[vc_column_text]<\/p>\n<p style=\"text-align: center; line-height: 18px;\"><span style=\"color: #808080;\"><span style=\"caret-color: #283278;\">102, avenue Francis Tonner &#8211; 06150 Cannes<br \/>\n<strong>T 04 92 97 56 39<\/strong> &#8211; F 04 92 97 99 82<br \/>\n<\/span><\/span><\/p>\n<p>[\/vc_column_text][\/vc_column][\/vc_row][vc_row][vc_column width=\u00a0\u00bb1\/2&Prime;][vc_empty_space height=\u00a0\u00bb30px\u00a0\u00bb][vc_column_text css_animation=\u00a0\u00bbappear\u00a0\u00bb]<\/p>\n<p style=\"text-align: center; font-size: 26px;\"><a style=\"text-decoration: none;\" href=\"https:\/\/agence.mma.fr\/grasse-jeu-de-ballon\"><span style=\"color: #f08200;\">AGENCE<br \/>\n<strong>GRASSE<\/strong><\/span><\/a><\/p>\n<p>[\/vc_column_text][vc_single_image image=\u00a0\u00bb127&Prime; img_size=\u00a0\u00bbmedium\u00a0\u00bb alignment=\u00a0\u00bbcenter\u00a0\u00bb style=\u00a0\u00bbvc_box_rounded\u00a0\u00bb onclick=\u00a0\u00bbcustom_link\u00a0\u00bb img_link_target=\u00a0\u00bb_blank\u00a0\u00bb link=\u00a0\u00bbhttps:\/\/agence.mma.fr\/grasse-jeu-de-ballon\u00a0\u00bb]<div class=\" ubtn-ctn-center \"><a class=\"ubtn-link ult-adjust-bottom-margin ubtn-center ubtn-normal \" href=\"https:\/\/agence.mma.fr\/grasse-jeu-de-ballon\" target=\"_blank\" rel=\"noopener\" ><button type=\"button\" id=\"ubtn-7399\"  class=\"ubtn ult-adjust-bottom-margin ult-responsive ubtn-normal ubtn-fade-bg  ulta-pop  ubtn-center   tooltip-69ef4b557b815\"  data-hover=\"#ffffff\" data-border-color=\"\" data-bg=\"#f08200\" data-hover-bg=\"#283278\" data-border-hover=\"\" data-shadow-hover=\"\" data-shadow-click=\"none\" data-shadow=\"\" data-shd-shadow=\"\"  data-ultimate-target='#ubtn-7399'  data-responsive-json-new='{\"font-size\":\"\",\"line-height\":\"\"}'  style=\"font-weight:normal;border:none;background: #f08200;color: #ffffff;\"><span class=\"ubtn-hover\" style=\"background-color:#283278\"><\/span><span class=\"ubtn-data ubtn-text \" >Lien Direct Agence<\/span><\/button><\/a><\/div>[vc_column_text]<\/p>\n<p style=\"text-align: center; line-height: 18px;\"><span style=\"color: #808080;\"><span style=\"caret-color: #283278;\">67, route de Cannes &#8211; 06130 Grasse<br \/>\n<strong>T 04 93 36 11 66<\/strong> &#8211; F 04 93 36 91 03<br \/>\n<\/span><\/span><\/p>\n<p>[\/vc_column_text][\/vc_column][vc_column width=\u00a0\u00bb1\/2&Prime;][vc_empty_space height=\u00a0\u00bb30px\u00a0\u00bb][vc_column_text css_animation=\u00a0\u00bbappear\u00a0\u00bb]<\/p>\n<p style=\"text-align: center; font-size: 26px;\"><a style=\"text-decoration: none;\" href=\"https:\/\/agence.mma.fr\/peymeinade\"><span style=\"color: #f08200;\">AGENCE<br \/>\n<strong>PEYMEINADE<\/strong><\/span><\/a><\/p>\n<p>[\/vc_column_text][vc_single_image image=\u00a0\u00bb42&Prime; img_size=\u00a0\u00bbmedium\u00a0\u00bb alignment=\u00a0\u00bbcenter\u00a0\u00bb style=\u00a0\u00bbvc_box_rounded\u00a0\u00bb onclick=\u00a0\u00bbcustom_link\u00a0\u00bb img_link_target=\u00a0\u00bb_blank\u00a0\u00bb link=\u00a0\u00bbhttps:\/\/agence.mma.fr\/peymeinade\u00a0\u00bb]<div class=\" ubtn-ctn-center \"><a class=\"ubtn-link ult-adjust-bottom-margin ubtn-center ubtn-normal \" href=\"https:\/\/agence.mma.fr\/peymeinade\" target=\"_blank\" rel=\"noopener\" ><button type=\"button\" id=\"ubtn-6931\"  class=\"ubtn ult-adjust-bottom-margin ult-responsive ubtn-normal ubtn-fade-bg  ulta-pop  ubtn-center   tooltip-69ef4b557b831\"  data-hover=\"#ffffff\" data-border-color=\"\" data-bg=\"#f08200\" data-hover-bg=\"#283278\" data-border-hover=\"\" data-shadow-hover=\"\" data-shadow-click=\"none\" data-shadow=\"\" data-shd-shadow=\"\"  data-ultimate-target='#ubtn-6931'  data-responsive-json-new='{\"font-size\":\"\",\"line-height\":\"\"}'  style=\"font-weight:normal;border:none;background: #f08200;color: #ffffff;\"><span class=\"ubtn-hover\" style=\"background-color:#283278\"><\/span><span class=\"ubtn-data ubtn-text \" >Lien Direct Agence<\/span><\/button><\/a><\/div>[vc_column_text]<\/p>\n<p style=\"text-align: center; line-height: 18px;\"><span style=\"color: #808080;\"><span style=\"caret-color: #283278;\">56, avenue de Boutigny &#8211; 06530 Peymeinade<br \/>\n<strong>T 04 89 80 00 24<\/strong> &#8211; F 04 89 80 00 08<br \/>\n<\/span><\/span><\/p>\n<p>[\/vc_column_text][\/vc_column][\/vc_row][vc_row][vc_column][vc_empty_space height=\u00a0\u00bb30px\u00a0\u00bb][vc_separator color=\u00a0\u00bbcustom\u00a0\u00bb style=\u00a0\u00bbdashed\u00a0\u00bb accent_color=\u00a0\u00bb#f08200&Prime;][\/vc_column][\/vc_row][vc_row][vc_column][vc_column_text]<\/p>\n<h4 style=\"text-align: center;\"><span style=\"color: #283278; font-size: 24px;\"><strong>Vous pouvez nous contacter directement, en remplissant le formulaire ci-dessous&#8230;<\/strong><\/span><\/h4>\n<p>[\/vc_column_text]\n<div class=\"wpcf7 no-js\" id=\"wpcf7-f7-o1\" lang=\"fr-FR\" dir=\"ltr\" data-wpcf7-id=\"7\">\n<div class=\"screen-reader-response\"><p role=\"status\" aria-live=\"polite\" aria-atomic=\"true\"><\/p> <ul><\/ul><\/div>\n<form action=\"\/index.php\/wp-json\/wp\/v2\/pages\/16#wpcf7-f7-o1\" method=\"post\" class=\"wpcf7-form init\" aria-label=\"Formulaire de contact\" novalidate=\"novalidate\" data-status=\"init\">\n<div style=\"display: none;\">\n<input type=\"hidden\" name=\"_wpcf7\" value=\"7\" \/>\n<input type=\"hidden\" name=\"_wpcf7_version\" value=\"6.0.1\" \/>\n<input type=\"hidden\" name=\"_wpcf7_locale\" value=\"fr_FR\" \/>\n<input type=\"hidden\" name=\"_wpcf7_unit_tag\" value=\"wpcf7-f7-o1\" \/>\n<input type=\"hidden\" name=\"_wpcf7_container_post\" value=\"0\" \/>\n<input type=\"hidden\" name=\"_wpcf7_posted_data_hash\" value=\"\" \/>\n<input type=\"hidden\" name=\"_wpcf7_recaptcha_response\" value=\"\" \/>\n<\/div>\n<p><label> Votre Nom (obligatoire)<br \/>\n<span class=\"wpcf7-form-control-wrap\" data-name=\"your-name\"><input size=\"40\" maxlength=\"400\" class=\"wpcf7-form-control wpcf7-text wpcf7-validates-as-required\" aria-required=\"true\" aria-invalid=\"false\" value=\"\" type=\"text\" name=\"your-name\" \/><\/span> <\/label>\n<\/p>\n<p><label> Votre Adresse Email (obligatoire)<br \/>\n<span class=\"wpcf7-form-control-wrap\" data-name=\"your-email\"><input size=\"40\" maxlength=\"400\" class=\"wpcf7-form-control wpcf7-email wpcf7-validates-as-required wpcf7-text wpcf7-validates-as-email\" aria-required=\"true\" aria-invalid=\"false\" value=\"\" type=\"email\" name=\"your-email\" \/><\/span> <\/label>\n<\/p>\n<p><label> Sujet<br \/>\n<span class=\"wpcf7-form-control-wrap\" data-name=\"your-subject\"><input size=\"40\" maxlength=\"400\" class=\"wpcf7-form-control wpcf7-text\" aria-invalid=\"false\" value=\"\" type=\"text\" name=\"your-subject\" \/><\/span> <\/label>\n<\/p>\n<p><label> Votre Message<br \/>\n<span class=\"wpcf7-form-control-wrap\" data-name=\"your-message\"><textarea cols=\"40\" rows=\"10\" maxlength=\"2000\" class=\"wpcf7-form-control wpcf7-textarea\" aria-invalid=\"false\" name=\"your-message\"><\/textarea><\/span> <\/label>\n<\/p>\n<p><input class=\"wpcf7-form-control wpcf7-submit has-spinner\" type=\"submit\" value=\"Envoyer\" \/>\n<\/p><div class=\"inv-recaptcha-holder\"><\/div><div class=\"wpcf7-response-output\" aria-hidden=\"true\"><\/div>\n<\/form>\n<\/div>\n[\/vc_column][\/vc_row][vc_row][vc_column][vc_empty_space height=\u00a0\u00bb30px\u00a0\u00bb][vc_separator color=\u00a0\u00bbcustom\u00a0\u00bb style=\u00a0\u00bbdashed\u00a0\u00bb accent_color=\u00a0\u00bb#f08200&Prime;][vc_column_text]<\/p>\n<h2 style=\"text-align: center;\"><span style=\"color: #283278;\"><strong>Actualit\u00e9<\/strong><\/span><\/h2>\n<p>[\/vc_column_text][\/vc_column][\/vc_row][vc_row][vc_column][vc_masonry_grid post_type=\u00a0\u00bbpost\u00a0\u00bb max_items=\u00a0\u00bb10&Prime; gap=\u00a0\u00bb20&Prime; grid_id=\u00a0\u00bbvc_gid:1709568433731-7207c1c2-d4d9-4&Prime; css=\u00a0\u00bb.vc_custom_1564149513323{background-color: #ffffff !important;}\u00a0\u00bb][\/vc_column][\/vc_row]<\/p>\n<\/div>","protected":false},"excerpt":{"rendered":"<p>[vc_row full_width=\u00a0\u00bbstretch_row_content_no_spaces\u00a0\u00bb content_placement=\u00a0\u00bbmiddle\u00a0\u00bb parallax=\u00a0\u00bbcontent-moving\u00a0\u00bb parallax_image=\u00a0\u00bb85&Prime; parallax_speed_bg=\u00a0\u00bb3.0&Prime; bg_type=\u00a0\u00bbgrad\u00a0\u00bb bg_grad=\u00a0\u00bbbackground: -webkit-gradient(linear, left top, left bottom, color-stop(0%, #F08400), color-stop(100%, #FAD0A0));background: -moz-linear-gradient(top,#F08400 0%,#FAD0A0 100%);background: -webkit-linear-gradient(top,#F08400 0%,#FAD0A0 100%);background: -o-linear-gradient(top,#F08400 0%,#FAD0A0 100%);background: -ms-linear-gradient(top,#F08400 0%,#FAD0A0 100%);background: linear-gradient(top,#F08400 0%,#FAD0A0 100%);\u00a0\u00bb css=\u00a0\u00bb.vc_custom_1564147037020{margin-top: -70px !important;}\u00a0\u00bb][vc_column offset=\u00a0\u00bbvc_hidden-sm vc_hidden-xs\u00a0\u00bb][vc_empty_space height=\u00a0\u00bb40px\u00a0\u00bb][vc_column_text] Bienvenue sur notre site ! [\/vc_column_text][vc_column_text] Assureur de particuliers, AFV Groupe est \u00e9galement sp\u00e9cialis\u00e9 en risques d&rsquo;entreprise.&hellip;<\/p>\n","protected":false},"author":1,"featured_media":0,"parent":0,"menu_order":0,"comment_status":"closed","ping_status":"closed","template":"","meta":{"footnotes":""},"class_list":["post-16","page","type-page","status-publish","hentry","description-off"],"_links":{"self":[{"href":"https:\/\/afv-groupe.fr\/index.php\/wp-json\/wp\/v2\/pages\/16","targetHints":{"allow":["GET"]}}],"collection":[{"href":"https:\/\/afv-groupe.fr\/index.php\/wp-json\/wp\/v2\/pages"}],"about":[{"href":"https:\/\/afv-groupe.fr\/index.php\/wp-json\/wp\/v2\/types\/page"}],"author":[{"embeddable":true,"href":"https:\/\/afv-groupe.fr\/index.php\/wp-json\/wp\/v2\/users\/1"}],"replies":[{"embeddable":true,"href":"https:\/\/afv-groupe.fr\/index.php\/wp-json\/wp\/v2\/comments?post=16"}],"version-history":[{"count":90,"href":"https:\/\/afv-groupe.fr\/index.php\/wp-json\/wp\/v2\/pages\/16\/revisions"}],"predecessor-version":[{"id":140,"href":"https:\/\/afv-groupe.fr\/index.php\/wp-json\/wp\/v2\/pages\/16\/revisions\/140"}],"wp:attachment":[{"href":"https:\/\/afv-groupe.fr\/index.php\/wp-json\/wp\/v2\/media?parent=16"}],"curies":[{"name":"wp","href":"https:\/\/api.w.org\/{rel}","templated":true}]}}